2 = -t*q. What are the prime factors of q?
11
Let d be (-6)/9 - (-213)/9. Suppose 4*z - u = d, 0 = -3*z + 3*u + 1 + 5. What are the prime factors of z?
7
What are the prime factors of 26 + (-3 + 1)/(-2)?
3
Suppose -r + 18 = 3*r + 5*c, c - 12 = -5*r. Let u be ((0 - -1) + 21)/r. Let s = -8 + u. List the prime factors of s.
3
Let x(m) = m - 2. Let f be x(3). Suppose 0 = -2*z + 2, -4*u - 3*z + f = -58. What are the prime factors of u?
2, 7
Let n be (-2)/(-8) + 1/(-4). Suppose k - 5 - 1 = n. Suppose r - 32 = -3*s + 2*r, k = -3*r. What are the prime factors of s?
2, 5
Let u(d) = -16*d - 14. List the prime factors of u(-5).
2, 3, 11
Suppose -312 = -11*d + 3230. What are the prime factors of d?
2, 7, 23
Let w(u) = u**3 + 6*u**2 - 9*u - 8. Let v be w(-6). Let k = -28 + v. What are the prime factors of k?
2, 3
Let f(r) = -r + 7. Let q be f(6). List the prime factors of ((0 - 0) + 2)/q.
2
Suppose -2*k = -6*k + 8. List the prime factors of k/10 - 72/(-40).
2
Let n be (2 + 0)*(5 + 0). Let x = n - 3. List the prime factors of x.
7
Let j be (1 + (-45)/3)/(-1). Suppose j*o = 9*o + 255. List the prime factors of o.
3, 17
Suppose 510 - 22 = -2*d. Let p = d - -160. List the prime factors of ((-1)/1)/(7/p).
2, 3
Let y(l) = -l - 10. Let c be y(-10). Suppose c*f - 5*f + 65 = 0. Suppose 2*i + 3 = f. List the prime factors of i.
5
Suppose -5*g + 0*n - 27 = -2*n, -4*g + 3*n - 16 = 0. Let z(l) = 5*l + 6. Let m(q) = q - 1. Let y(k) = -4*m(k) + z(k). What are the prime factors of y(g)?
3
Suppose 27 = 2*g + 5*y, -4*g + 8*g + y - 27 = 0. Let a(p) = p**2 - 5*p - 1. List the prime factors of a(g).
5
Suppose -3*p - 4*m + 56 = -12, m + 144 = 5*p. What are the prime factors of p?
2, 7
Let g be 2/6*6/1. Suppose -g*f + f = -22. What are the prime factors of f?
2, 11
Let m(a) = a + 3. Let c be m(-3). Let q be 1*(c - 5)/1. What are the prime factors of 3/q + (-69)/(-15)?
2
Let k = 23 - 19. Suppose -i = -2, 0 = 3*g - k*i - i - 62. What are the prime factors of g?
2, 3
Suppose -3*w + 0 = -3. Suppose 5*c - w - 14 = 0. What are the prime factors of c?
3
Suppose 8 - 2 = 2*s. List the prime factors of (-8)/(-24) - (-29)/s.
2, 5
What are the prime factors of 63 + (2/8 - 63/(-36))?
5, 13
Suppose 4*g - t - 47 = 0, g - 14 - 4 = -t. List the prime factors of g.
13
Suppose 2*m + 5*c = 28, 0*m - 84 = -4*m - 3*c. List the prime factors of m.
2, 3
Let u be (-3)/(9/6) + 2. Suppose 3*z = -t + 4 + 4, u = -5*t - 2*z + 14. Suppose -2*h + t*o = -38, -2*h - 3 = -4*h - 5*o. What are the prime factors of h?
2, 7
Suppose -2*v + 2*a = -108, 4*v - 2*v - 5*a - 123 = 0. What are the prime factors of v?
7
Let n = -46 - -159. List the prime factors of n.
113
Let u = 3 + -1. Suppose t + t - u = 0. Let y = 11 + t. What are the prime factors of y?
2, 3
Let w = -1 + 3. Suppose 3*q = -4*x - 13, -14 = -w*q + 2*x + x. Let c = q + 11. List the prime factors of c.
2, 3
Let m(a) = -3*a + 1. Let g be 6/21 - (-12)/7. Let v = -2 - g. List the prime factors of m(v).
13
Suppose 0*n = 4*n - 20. Let z = 0 + n. What are the prime factors of z?
5
Let a(q) = -q**3 - 5*q**2 + 7*q + 7. Let b be a(-6). Let l = -3 + -9. What are the prime factors of ((1 - b) + l)*-1?
2, 3
Let p(l) = -l**3 + 6*l**2 - 9*l + 3. Let o be p(4). Let t be -13 + (0 + 1)*-1. List the prime factors of t/o + (-2)/(-2).
3, 5
Let z(o) = -4*o - 1. What are the prime factors of z(-7)?
3
Suppose 2*z + 6 = -0. Let q = -1 - z. Suppose 4*s - 25 = -b, s - q*s = 5*b - 30. List the prime factors of s.
5
Let s be (-5)/(5/(-2)) + 2. Let b be s/(-6)*45/(-6). Suppose -4*a + 56 = -b*f + 3*f, -3*a + 32 = f. List the prime factors of a.
2, 3
Let h be 4 + (1 - 0)*-1. Suppose 91 = h*t + 25. Let l = -11 + t. What are the prime factors of l?
11
Suppose 2*i - 35 = -3*f + 92, 0 = -5*f + i + 229. List the prime factors of f.
3, 5
Let j(x) = x**2 - x + 4. Let v = 3 - 0. List the prime factors of j(v).
2, 5
Let h = 10 + -2. What are the prime factors of h*(3/6)/1?
2
Let x = -52 - -128. List the prime factors of x.
2, 19
What are the prime factors of (64/(-12))/(4/(-6))?
2
Let a(l) = -l**3 - 7*l**2 + 8*l + 3. Let o be a(-8). Suppose -o*r - r + 76 = 0. Let z = r + -11. List the prime factors of z.
2
Suppose 3*b - 30 = 3. List the prime factors of b.
11
Let h(d) = d**3 + 4*d**2 - 3*d - 10. Let f be h(-4). List the prime factors of 1*f - (-31 + -1).
2, 17
Suppose -5*h - u = -2*u - 7, -13 = -5*h + 4*u. Let w = h - 1. Suppose 0*v + v - 4 = w. List the prime factors of v.
2
Let y(t) = t**2 + 2*t - 4. Let o be y(-3). What are the prime factors of -26*(o - 1/(-2))?
13
Let w(y) = -y**2 - 13*y - 14. What are the prime factors of w(-9)?
2, 11
Let n = -121 + 175. List the prime factors of n.
2, 3
List the prime factors of (16/24)/(4/186).
31
Suppose -2 = -3*b - 5. Let z = b - 1. What are the prime factors of (-1 - z)/((-1)/(-4))?
2
Let p(h) = 4*h**3 - 6*h**2 + 8*h - 3. What are the prime factors of p(2)?
3, 7
Suppose -2*s + 3*y + 27 = 0, 31 = 2*s - 2*y - 1. Suppose -2*z - 15 = z. Let g = s + z. List the prime factors of g.
2
Suppose -5*t + 26 = -19. Suppose b = 4*m - t, 0 = 2*m + 2*m + 2*b - 6. What are the prime factors of 84/8 + (-1)/m?
2, 5
Let m be 48/(-2) + 6 + -8. Let r = -10 - m. List the prime factors of r.
2
Let h(g) = 5*g**2 - 12*g - 1. What are the prime factors of h(5)?
2
Let k(g) = -20*g - 32. Let n(i) = 7*i + 11. Let s(f) = -6*k(f) - 17*n(f). List the prime factors of s(8).
13
Let i be 0*(-1 + (-3)/(-2)). Suppose -y - 2*o = -1, y + 7*o - 4*o + 3 = i. List the prime factors of y.
3
Suppose 4*p = -4*a - 88, 2*a + 0*a = 0. Let q be 228/44 - (-4)/p. Suppose -g = -q*g + 28. What are the prime factors of g?
7
Let f(n) = -n**2 - 9*n - 4. What are the prime factors of f(-5)?
2
Suppose 2*x + 9 = 89. Let c be (x/15)/((-1)/3). Let a = c + 16. What are the prime factors of a?
2
Suppose 5*g - 403 = -4*x, 0 = -3*x - 2*x - 2*g + 525. What are the prime factors of x?
107
Suppose 0 = 4*b - 2*b + 20. List the prime factors of b/((12/4)/(-6)).
2, 5
Let d(g) = -2*g + 13. Let k be d(10). Suppose -x = -18 + 5. Let b = k + x. List the prime factors of b.
2, 3
Let h(f) = -f + 3. Suppose -8 + 2 = -x. Let n be h(x). Let z = n - -8. List the prime factors of z.
5
Suppose 119 = 5*g + x, -4*x + 92 = 4*g - 0. Suppose -1 = -5*w + g. Suppose -16 = -i - i + 3*r, 27 = w*i - r. What are the prime factors of i?
5
Let b(a) = 16*a - 9. What are the prime factors of b(16)?
13, 19
Let d(n) = 7*n**2 + n - 3. List the prime factors of d(-4).
3, 5, 7
Suppose -3*s + 0*s + 99 = 0. What are the prime factors of s?
3, 11
List the prime factors of -2 + (2 - 1) + 49.
2, 3
What are the prime factors of -2*(-4)/((-8)/(-46))?
2, 23
Suppose -5*w - 6*b + 125 = -11*b, 5*w = 2*b + 116. List the prime factors of w.
2, 11
Suppose 5*v - 7*v = -30. List the prime factors of v.
3, 5
Let w(z) = z + 4. Let a be w(-3). What are the prime factors of ((-3 - -8)*a)/1?
5
Let g(o) = -o**3 + 5*o**2 + 8*o - 3. Suppose 3*w + 4*u = 4*w + 30, 50 = -4*w + 2*u. Let r = -4 - w. List the prime factors of g(r).
3
Suppose -39 + 15 = -3*v. Suppose -27 = 2*p - 3*g, -p + 3*p + g + 7 = 0. Let d = p + v. List the prime factors of d.
2
Let s be 1/(-1 - 12/(-10)). Suppose -3*x = -3*z - 45, s*z + 1 + 14 = -x. List the prime factors of x.
2, 5
Let l(a) = 3*a**2. Suppose -2*z = -5 + 3. List the prime factors of l(z).
3
Let h(c) = -12*c - 5. List the prime factors of h(-3).
31
Let y = -29 - -65. List the prime factors of (y/(-15) - -2)*-5.
2
Let f(u) = -59*u**3 - u**2 - 6*u - 4. What are the prime factors of f(-1)?
2, 3, 5
Let y = 12 + -9. Let j be 4/y - (-4)/6. Suppose -j*h + 80 = 5*o + 17, -4*h - 4 = 0. List the prime factors of o.
13
Let v(c) = 2*c**2 + 5*c - 1. Let d be v(-4). Let l = -6 + d. What are the prime factors of l?
5
Suppose -3*k + 6 + 0 = 0. Suppose 41 = -k*m + 3*m. List the prime factors of m.
41
Let p be (3 + -3 + 0)/(-1). Suppose p*w = -w + 9. Suppose j = 1 + w. List the prime factors of j.
2, 5
List the prime factors of 39/((-4)/(32/(-3))).
2, 13
Suppose -q + 3*q + 5*x = 74, 88 = 4*q - 5*x. What are the prime factors of q?
3
Suppose -2*z + 7 = 1. Suppose w - z = 1. Suppose -w*l - 2*j = -0 - 2, 2*j = -3*l. List the prime factors of l.
2
Let x(j) = j**2 + 6*j + 3. What are the prime factors of x(-10)?
43
Let w be 13 - (-2)/(-6)*3. Suppose o - 1 = -w. Let b